t s be v(-4). Suppose -s + 18 = k. Calculate the remainder when y is divided by k.
11
Suppose 2*v + 91 = 5*a, 4*v - 8*v = -2*a + 46. What is the remainder when 22 is divided by a?
5
Let d = 16 - 5. What is the remainder when 43 is divided by (-4)/((-16)/d)*4?
10
Suppose -3*v - 51 = -5*l + v, -4*v = 5*l - 19. What is the remainder when 47 is divided by l?
5
Let h = 18 + 4. What is the remainder when h is divided by 8?
6
Calculate the remainder when (-11)/(-33) + 338/3 is divided by 29.
26
Suppose 0 = -2*m + w - 24, -4*w = m + 3 - 0. Let r = 54 + m. Let d = -17 + r. Calculate the remainder when d is divided by 14.
12
What is the remainder when 316/10 + 18/(-30) is divided by 11?
9
Suppose -s = b - 92, -3*b - 2*b - s = -472. What is the remainder when b is divided by 24?
23
Suppose -2*a + 4*g = -3*a + 14, -a = -3*g. Suppose -2*d + 40 = -a. Calculate the remainder when d is divided by 6.
5
What is the remainder when 23 is divided by 20/(-5) + 1*9?
3
Let r = -61 + 85. Let k(z) = -z**2 + 11*z - 21. What is the remainder when r is divided by k(5)?
6
Suppose -2*o - 5*j + 36 = 0, 4*o + 0*j + 3*j = 44. Let i be (o/(-6) + 2)*63. Let r = i - 30. What is the remainder when r is divided by 7?
5
What is the remainder when 40 is divided by (-3)/(0 - 1) - -18?
19
Let v = 6 - -6. Let x = 150 - 145. Calculate the remainder when v is divided by x.
2
Suppose -h - 44 = -2*h. Let n be -18 + (-3 - -3) - 2. What is the remainder when h is divided by (-292)/n + (-4)/(-10)?
14
Let k be ((-18)/(-2))/(2/(-2)). Let p be k/(-6)*(-8)/(-6). Suppose 21 = 3*b - l + 2*l, 5*l = -p*b + 14. What is the remainder when 12 is divided by b?
5
Let q = 23 - -4. Calculate the remainder when q is divided by 14.
13
Let u = 37 + -23. What is the remainder when 52 is divided by u?
10
Suppose 13*i - 60 = 3*i. What is the remainder when 31 is divided by i?
1
Let t = 1 + 2. Let o = 2 - t. What is the remainder when 17 - -1*1/o is divided by 6?
4
Let k = -147 + 220. What is the remainder when k is divided by 11?
7
Let s(l) = -l + 34. What is the remainder when 21 is divided by s(23)?
10
Suppose -2*o - 2 = -48. Calculate the remainder when 66 is divided by o.
20
Let c(v) = -7*v - 2. Calculate the remainder when 21 is divided by c(-1).
1
Suppose 2*b + 1 = -5. Let g = 5 + b. Suppose 4*t - 10 = -d, g*t + 2*t - 2*d - 4 = 0. Calculate the remainder when t is divided by 1.
0
Suppose -2*j - 4 = -4*j. Calculate the remainder when 46 is divided by 13 - 3*j/6.
10
What is the remainder when 73 is divided by (-1104)/(-30) - 1/(-5)?
36
Let r(h) = -9*h**2 + h + 1. Let d be r(-1). Let m be 3/d - (-64)/(-6). What is the remainder when 22 is divided by (-3)/((-6)/2) - m?
10
Let d(n) = -n**2 - 9*n - 5. What is the remainder when 3 + (-2)/4*-26 is divided by d(-7)?
7
Suppose r - 93 = -76. What is the remainder when 42 is divided by r?
8
Suppose -3*w + 19 = -20. Let m = 56 - w. Let q(l) = -l**2 - 9*l + 1. Calculate the remainder when m is divided by q(-7).
13
Let x = -9 - -11. Suppose -r - 2 = -x*r. Calculate the remainder when r is divided by 1.
0
What is the remainder when 46 is divided by 22/1 + 3 + -3 + 2?
22
Suppose -2*n = -7*n + 205. Suppose -d - 4*x + 34 = 0, x - 3 = -3*d + 44. Calculate the remainder when n is divided by d.
13
Suppose 0 = 2*b - 6. Let x(a) = -a**2 + 4*a - 1. Let w be x(b). Suppose -w*f + 4*f - 28 = 0. What is the remainder when 40 is divided by f?
12
Let n = 30 - 44. Calculate the remainder when (-8)/n - 132/(-14) is divided by 6.
4
Let t(j) = -j**2 - 5*j - 5. Let o be t(-7). Let i = o + 75. Let v = i + -36. What is the remainder when v is divided by 11?
9
Suppose 2*h + 91 = 5*h + 2*g, 33 = h + 2*g. Let v(x) = 1 + 5*x + 2*x - 7 - 9*x. What is the remainder when h is divided by v(-8)?
9
Suppose 3*a + 4 = 22. What is the remainder when 47 is divided by a?
5
Suppose -2*i = 4*z - 70, z - 7 - 8 = 2*i. What is the remainder when 49 is divided by z?
15
Suppose 0 = 2*x - 19 - 5. Calculate the remainder when 32 is divided by x.
8
Suppose -2*o + 5*a - 86 = -5*o, 2*a = -o + 29. What is the remainder when o is divided by 15?
12
Let h be ((-1 + 1)/1)/2. Suppose -45 = -3*n - h*n. Calculate the remainder when 1/(2/1)*704/8 is divided by n.
14
Suppose 126 + 81 = 3*f. Calculate the remainder when f is divided by 37.
32
Suppose 6*w + 3*b = 2*w + 62, -b + 2 = 0. Calculate the remainder when 25 is divided by w.
11
Let m(i) = i**3 - 3*i**2 - 2*i - 5. Let k = -29 + 33. Let c = -15 + 23. Calculate the remainder when c is divided by m(k).
2
Suppose n + 2*n + 12 = 0. Let m be n/(-8)*(-1 + 1). Suppose -4*j + 3*j + 17 = m. Calculate the remainder when j is divided by 6.
5
Suppose -2*y + 3 = -25. Let m = -4 + y. What is the remainder when 38 is divided by m?
8
Let g(t) = -49*t - 3. Calculate the remainder when 134 is divided by g(-1).
42
Suppose 0 = 2*k + 6*m - 3*m - 22, -4*k + 60 = 2*m. Suppose p - z + 4 = -4, p = 4*z - 5. Calculate the remainder when (-448)/p + (-6)/(-27) is divided by k.
16
Let i(u) = u**3 + 6*u**2 - u + 2. What is the remainder when 5*((-297)/(-15) - (-5 - -6)) is divided by i(-5)?
30
Suppose 2*m - 13 = -v, 7*m - 10 = 2*m. Suppose v = d - 2. What is the remainder when 3*1*(14 - 0) is divided by d?
9
Suppose 4*k - 12 = k. Calculate the remainder when 10 is divided by k.
2
Suppose -4 = 2*o - x, 10 = -4*o - o - 2*x. Suppose 2*w + 40 = -3*p + 108, 86 = 4*p - 2*w. Calculate the remainder when p is divided by (9/12)/(o/(-32)).
10
Suppose 0 = c - 6*c + 20. Let r(m) = -m**2 + 13*m - 9. Suppose -2*d + 36 + 13 = 5*w, 0 = 2*d - 3*w - 9. Calculate the remainder when c is divided by r(d).
1
Let n = -7 + 3. Let c(a) = a + 3. Let g be c(-4). What is the remainder when 14 is divided by 1 + 0 + n/g?
4
Suppose 0 = 5*c + 15, 0 = 4*p - 3*p + c + 1. Suppose p*r + r = 15, y = -3*r + 40. Calculate the remainder when y is divided by 7.
4
Let d(i) = 4*i + 3. Let n = -20 - -24. Suppose 0 = n*l - 47 + 11. Calculate the remainder when d(3) is divided by l.
6
Suppose 38 = 5*b - 17. What is the remainder when 53 is divided by b?
9
Let d(q) = -4*q**3 - 2*q**2 + 3*q + 3. Calculate the remainder when 124 is divided by d(-2).
19
Suppose 5*r - 38 - 22 = 0. Calculate the remainder when 21 is divided by r.
9
Let x = -469 + 480. Let u be 2/2 - (0 + 13). Let l = 43 + u. What is the remainder when l is divided by x?
9
Let h = 0 - -2. Suppose 5*c - 2*l = 6, 2*c - c - 5*l + 8 = 0. Calculate the remainder when h is divided by c.
0
Suppose 5*i + 0 = 5. Suppose -3*p + 3 = -6, -3*p = d - 13. What is the remainder when i/(-1)*2 + 9 is divided by d?
3
Let i(z) = -z**3 + 6*z**2 + 3*z - 13. Calculate the remainder when 7 is divided by i(6).
2
What is the remainder when 2 is divided by (-4)/(-6) + 5/15?
0
Let o be (0 + 2)*(-1 - -3). Suppose -2*d = 2*l - 52, 0 = -2*l + o*l + 5*d - 67. Calculate the remainder when 40 is divided by l.
19
Let k(b) = -b**2 - 4*b + 0*b + 1 - 3*b. Calculate the remainder when 50 is divided by k(-4).
11
Suppose 3*m + 7 = 5*k, 6*k + 5*m - 15 = k. Suppose -5*t + 0*t = -15. What is the remainder when t is divided by ((-3)/k)/((-6)/8)?
1
Let g(f) = -f**2 + 8*f + 14. What is the remainder when 7 is divided by g(9)?
2
Suppose -3*r + 6*r - 30 = 0. Suppose 2*s + u - r = -0, -5*s + u = -39. Calculate the remainder when 20 is divided by s.
6
Suppose 2*a - 22 = -0*a. Calculate the remainder when 49 is divided by a.
5
Let c(p) = -p + 6. Let o be c(6). Suppose o = -4*v + 8. What is the remainder when ((v - 1) + 22)*1 is divided by 12?
11
Calculate the remainder when ((-2)/(-6))/(2/462) is divided by 26.
25
Let p(u) = 1 + 2*u**2 - u - 2*u + 1. Let c be (5 + -3)*(-1)/2*-3. Calculate the remainder when p(c) is divided by 4.
3
Let n = -1 - -3. Suppose -5*c + n*c = -15. Let q = -5 - -8. What is the remainder when c is divided by q?
2
Suppose -3 - 9 = -4*u. Let y(a) = 4*a**2 - 3*a**2 + 5*a**u - 4*a**3 - 2. Calculate the remainder when 18 is divided by y(2).
8
Suppose -s - 2*s = -36. Calculate the remainder when 59 is divided by s.
11
Let b(v) = v**3 + 9*v**2 + 16*v + 6. Calculate the remainder when b(-6) is divided by 11.
7
Let n(r) be the first derivative of -r**2 - 11*r + 4. Calculate the remainder when n(-7) is divided by 3.
0
What is the remainder when ((-26)/(-104))/(1/12) is divided by 1?
0
Suppose 0 = 2*j + 2*j - 3*t - 19, 2*t + 1